{"id":502,"date":"2023-08-30T11:54:21","date_gmt":"2023-08-30T09:54:21","guid":{"rendered":"https:\/\/ksgoclaw.pl\/?page_id=502"},"modified":"2023-08-30T11:55:22","modified_gmt":"2023-08-30T09:55:22","slug":"kibicuj-ale","status":"publish","type":"page","link":"https:\/\/ksgoclaw.pl\/index.php\/kibicuj-ale\/","title":{"rendered":"Kibicuj, ale&#8230;"},"content":{"rendered":"\n<p class=\"has-black-color has-text-color\">Je\u015bli jeste\u015b rodzicem, kt\u00f3ry podczas meczu krzyczy na swoje dziecko, daje wskaz\u00f3wki wszystkim zawodnikom na boisku, poprawia s\u0119dziego<br>i skacze przy linii bocznej, jakby by\u0142 to fina\u0142 Mistrzostw \u015awiata w pi\u0142ce no\u017cnej to jest to artyku\u0142 dla Ciebie.<br><\/p>\n\n\n\n<p class=\"has-black-color has-text-color\"><strong>Rodzicu<\/strong> pami\u0119taj, \u017ce nie jeste\u015b mened\u017cerem Chelsea Londyn czy FC Barcelony, a Twoja pociecha nie jest profesjonalnym pi\u0142karzem. Oni s\u0105 dzie\u0107mi i nie potrzebuj\u0105 nikogo krzycz\u0105cego i skacz\u0105cego przy linii autowej jak szaleniec, jak gdyby ich \u017cycie zale\u017ca\u0142o od rezultatu meczu albo wyst\u0119pu ich dzieci.<br><\/p>\n\n\n\n<p class=\"has-black-color has-text-color\">&#8211; Jednym z g\u0142\u00f3wnych przyczyn rezygnacji z pi\u0119knej gry, jak\u0105 jest pi\u0142ka no\u017cna, jest presja<br>rodzic\u00f3w na dziecko.<br>&#8211; Jednym z najwi\u0119kszych b\u00f3l\u00f3w g\u0142owy trener\u00f3w s\u0105 natr\u0119tni rodzice.<br>&#8211; Jednym z najwi\u0119kszych sn\u00f3w ka\u017cdego rodzica jest, aby ich dziecko sta\u0142o si\u0119 profesjonalnym pi\u0142karzem<br>&#8211; Powodem, dla kt\u00f3rego dzieci graj\u0105 w pi\u0142k\u0119 no\u017cn\u0105 jest ZABAWA!!!<br><br>Wyjmuj\u0105c czynnik zabawy z gry dziecka, od razu wida\u0107 zniech\u0119cenie i znudzenie, co prowadzi do rezygnacji. Jest to karygodne, poniewa\u017c pi\u0142ka no\u017cna jest pi\u0119kn\u0105 gr\u0105 w oczach os\u00f3b w ni\u0105 graj\u0105cych.<br>Nie sta\u0142a si\u0119 najpopularniejszym sportem na \u015bwiecie przez przypadek!<br><br><strong>Rodzicowi <\/strong>bardzo trudno jest stan\u0105\u0107 i obserwowa\u0107 swoje dziecko upadaj\u0105ce na twarz czy przegrywaj\u0105ce z przeciwnikiem. Tw\u00f3j instynkt podpowiada, aby zach\u0119ca\u0107 ich, lecz jest cienka lini\u0105 pomi\u0119dzy zach\u0119t\u0105 a byciem natr\u0119tnym lub naciskiem niepotrzebnie na swoje dziecko. Ze smutkiem nale\u017cy stwierdzi\u0107, \u017ce to drugie cz\u0119sto jest powszechne.<br><br><strong>Rodzice<\/strong>, kt\u00f3rzy s\u0105 natr\u0119tni mog\u0105 zmusi\u0107 swoje dziecko do &#8222;schowanie si\u0119 do muszli&#8221; i spowodowa\u0107 obaw\u0119 przed pope\u0142nieniem b\u0142\u0119du. Jest to z\u0142e, bo \u017cadne dziecko nie potrzebuje i \u017caden rodzic NIGDY nie powinien zawstydza\u0107 lub wprawia\u0107 w zak\u0142opotanie z powodu ich wyst\u0119pu, zdolno\u015bci lub rezultatu meczu, w kt\u00f3rym uczestniczyli.<br>B\u0105d\u017a mniej krytyczny. Dzieci s\u0105 bardzo twarde i elastyczne, ale z tego samego powodu s\u0105 tak\u017ce bardzo krusi i potrzebuj\u0105 zaufania i wiary swoich rodzic\u00f3w. To mo\u017ce pochodzi\u0107 tylko od CIEBIE.<br><\/p>\n\n\n\n<p class=\"has-black-color has-text-color\"><strong>Twoj\u0105 rol\u0105 jako rodzica jest POMOC dziecku oraz pokazanie:<\/strong><br>&#8211; Zach\u0119ty<br>&#8211; Cierpliwo\u015bci<br>&#8211; Zrozumienia<br>&#8211; Zaufania<br><\/p>\n\n\n\n<p class=\"has-black-color has-text-color\"><strong>Mo\u017cesz tak\u017ce POM\u00d3C swojemu lub innym dzieciom przez:<\/strong><br>&#8211; Pochwa\u0142y<br>&#8211; Oklaski<br>&#8211; S\u0142uchanie<br>&#8211; Pokazuj\u0105c zainteresowanie.<br><\/p>\n\n\n\n<p class=\"has-black-color has-text-color\">Wszystkie te rzeczy mog\u0105 pom\u00f3c dziecku nie tylko rozwin\u0105\u0107 si\u0119, ale tak\u017ce wyj\u0105\u0107 wi\u0119cej z gry.<br>Z Tob\u0105 przy sobie dziecko b\u0119dzie czu\u0142o si\u0119 na niepokonane i bezkonkurencyjne. Otrzyma tyle zaufania od Ciebie, \u017ce wszystkie strachy czy w\u0105tpliwo\u015bci znikn\u0105.<br>Natr\u0119tni rodzice z drugiej strony mog\u0105 zniszczy\u0107 zaufanie dziecka, nape\u0142ni\u0107 ich pe\u0142ni\u0105 strachu i zabra\u0107 ca\u0142\u0105 zabaw\u0119 i przyjemno\u015b\u0107 z gry, kt\u00f3ra jest czym\u015b naturalnym dla wszystkich uczestnik\u00f3w sportu i raz utracona mo\u017ce by\u0107 bardzo trudna do odtworzenia.<br>Twoj\u0105 rol\u0105 nie jest tylko powiedzenie kilku s\u0142\u00f3w zaraz po zako\u0144czeniu meczu, lecz tak\u017ce bardzo wa\u017cna jest rozmowa przed i po meczu.<br><\/p>\n\n\n\n<p class=\"has-black-color has-text-color\"><strong>Przed meczem:<\/strong><\/p>\n\n\n\n<p class=\"has-black-color has-text-color\">Nie powiniene\u015b nigdy stawia\u0107 \u017c\u0105da\u0144 przed meczem dziecku: &#8222;strzel gola&#8221;, &#8222;musicie wygra\u0107&#8221;. Zamiast tego powiedz &#8222;baw si\u0119 dobrze&#8221;. W ten spos\u00f3b dziecko czuje si\u0119 zrelaksowane bez \u017cadnych zb\u0119dnych oczekiwa\u0144 stawianych &#8211; co jest bardzo wa\u017cne.<br><\/p>\n\n\n\n<p class=\"has-black-color has-text-color\"><strong>Po meczu:<\/strong><\/p>\n\n\n\n<p class=\"has-black-color has-text-color\">Kiedy mecz si\u0119 sko\u0144czy powiedz swojemu dziecko jak dobrze si\u0119 spisa\u0142o i \u017ce jeste\u015b bardzo dumny z niego. Nigdy nie poddawaj krytyce lub nie analizuj sytuacji z boiska. Czasami dzieci same dobrze wiedz\u0105, co zrobi\u0142y dobrze a co im posz\u0142o \u017ale i nie potrzebuj\u0105 przypominania o ich s\u0142abym wyst\u0119pie oraz nadmiernego chwalenia po dobrym meczu. Dzieci maj\u0105 naturalnie wysokie wymagania, co do swojej osoby i mog\u0105 by\u0107 w\u0142asnymi, najgorszymi krytykami. Je\u015bli Tw\u00f3j potomek schodzi z boiska z\u0142y i krytykuje sw\u00f3j wyst\u0119p musisz po pierwsze i najwa\u017cniejsze WYS\u0141UCHA\u0106 GO.<br>Dzieci wiedz\u0105, kiedy s\u0105 ok\u0142amywane, wi\u0119c by\u0142oby z\u0142\u0105 rzecz\u0105 m\u00f3wienie im, \u017ce zagra\u0142y dobrze, je\u015bli same czuj\u0105 inaczej. Zamiast tego ponownie powiedz jak dumny z niego jeste\u015b i spr\u00f3buj wyja\u015bni\u0107, \u017ce ka\u017cdy ma sw\u00f3j lepszy i gorszy dzie\u0144. Nie mog\u0105 by\u0107 najlepsi, co tydzie\u0144 na boisku. Powiedz, \u017ce nie tracisz zaufania do nich. Je\u015bli tak si\u0119 stanie NIE POZW\u00d3L, aby dziecko rozpami\u0119tywa\u0142o tego przez d\u0142ugi czas. Je\u015bli Twoje dziecko zagra\u0142o \u015bwietny mecz, wa\u017cne jest, aby nie przesadza\u0107 z pochwa\u0142\u0105. One tak\u017ce same wiedz\u0105, na co je sta\u0107. Zwyk\u0142a pochwa\u0142a i uznanie wystarcz\u0105.<br>Wielu rodzic\u00f3w cz\u0119sto przechwala swoje pociechy i ostatni\u0105 rzecz\u0105, jak\u0105 dziecko potrzebuje bez wzgl\u0119du na umiej\u0119tno\u015bci jest powiedzenie mu, \u017ce b\u0119dzie gwiazd\u0105, a co gorsze profesjonalnym pi\u0142karzem.<br><\/p>\n\n\n\n<p class=\"has-black-color has-text-color\"><strong>Podczas meczu:<\/strong><\/p>\n\n\n\n<p class=\"has-black-color has-text-color\">Podczas zawod\u00f3w ka\u017cde dziecko wypatruje znajomej twarzy poza boiskiem, na kogo\u015b, kto poka\u017ce, chocia\u017c troszk\u0119 u\u015bmiechu na twarzy, kiwnie g\u0142ow\u0105 czy mrugnie oczami. To jest wszystko, co m\u0142odzi zawodnicy potrzebuj\u0105, zamiast g\u0142o\u015bnego krzyczenia &#8222;dobra robota&#8221;, kt\u00f3re mo\u017ce oderwa\u0107 dziecko od gry. Ma\u0142y znak daje pewno\u015b\u0107 dziecku, \u017ce ma wsparcie, \u017ce kto\u015b obserwuje jego ka\u017cdy ruch. Okrzyki naprawd\u0119 mog\u0105 mie\u0107 negatywny wp\u0142yw na gr\u0119 dziecka i nastawienie podczas gry.<br>Przez subteln\u0105 zach\u0119t\u0119 i uznanie Twoje dziecko w ko\u0144cu przestanie szuka\u0107 Ciebie w t\u0142umie i nie b\u0119dzie potrzebowa\u0142o imponowa\u0107 Ci czy szuka\u0107 Twojej aprobaty. To pozwoli im skoncentrowa\u0107 si\u0119 na grze i zabawie wolnej od presji.<br><\/p>\n\n\n\n<p class=\"has-black-color has-text-color\"><strong>DLA DZIECI ZABAWA JEST SYNONIMEM S\u0141OWA GRA, ZAWSZE O TYM PAMI\u0118TAJ \ud83d\ude42<\/strong><br><\/p>\n\n\n\n<p class=\"has-black-color has-text-color\">Je\u015bli jeste\u015b rodzicem, kt\u00f3ry krzyczy na swoje dziecko, podpowiada bez przerwy, co ma zrobi\u0107, skacze przy linii bocznej, nerwowo si\u0119 zachowuje, dyskutuje z s\u0119dzi\u0105, z trener swojej dru\u017cyny, czy przeciwnej, ma jakie\u015b zarzuty do zawodnik\u00f3w dru\u017cyny przeciwnej nie oznacza to, \u017ce jeste\u015b z\u0142ym rodzicem.<br>Chcesz, aby Twoje dziecko odnios\u0142o sukces. Bycie w\u0142\u0105czonym w sprawy dziecka sugeruje, \u017ce jeste\u015b bardzo dobrym rodzicem, kt\u00f3remu le\u017cy dobro potomka na sercu.<\/p>\n\n\n\n<p class=\"has-black-color has-text-color\">Warto znale\u017a\u0107 z\u0142oty \u015brodek (r\u00f3wnowag\u0119) pomi\u0119dzy wsparciem a byciem natr\u0119tnym i nigdy nie zapomina\u0107, \u017ce dzieci widz\u0105 pi\u0142k\u0119 no\u017cn\u0105, jako \u015bwietn\u0105 zabaw\u0119, nie bior\u0105 jej na serio. Traktuj\u0105 j\u0105 jako aktywno\u015b\u0107 woln\u0105 od regu\u0142 doros\u0142ych. Prosz\u0119 nie zabieraj rado\u015bci swojemu dziecku.<\/p>\n","protected":false},"excerpt":{"rendered":"<p>Je\u015bli jeste\u015b rodzicem, kt\u00f3ry podczas meczu krzyczy na swoje dziecko, daje wskaz\u00f3wki wszystkim zawodnikom na boisku, poprawia s\u0119dziegoi skacze przy linii bocznej, jakby by\u0142 to fina\u0142 Mistrzostw \u015awiata w pi\u0142ce no\u017cnej to jest to artyku\u0142 dla Ciebie. Rodzicu pami\u0119taj, \u017ce nie jeste\u015b mened\u017cerem Chelsea Londyn czy FC Barcelony, a Twoja pociecha nie jest profesjonalnym pi\u0142karzem.&hellip; <br \/> <a class=\"read-more\" href=\"https:\/\/ksgoclaw.pl\/index.php\/kibicuj-ale\/\">Dowiedz si\u0119 wi\u0119cej<\/a><\/p>\n","protected":false},"author":1,"featured_media":189,"parent":0,"menu_order":0,"comment_status":"closed","ping_status":"closed","template":"","meta":{"footnotes":""},"class_list":["post-502","page","type-page","status-publish","has-post-thumbnail","hentry"],"yoast_head":"<!-- This site is optimized with the Yoast SEO plugin v25.8 - https:\/\/yoast.com\/wordpress\/plugins\/seo\/ -->\n<title>Kibicuj, ale... &#8226; Akademia Pi\u0142karska KS Goc\u0142aw Warszawa<\/title>\n<meta name=\"robots\" content=\"index, follow, max-snippet:-1, max-image-preview:large, max-video-preview:-1\" \/>\n<link rel=\"canonical\" href=\"https:\/\/ksgoclaw.pl\/index.php\/kibicuj-ale\/\" \/>\n<meta property=\"og:locale\" content=\"pl_PL\" \/>\n<meta property=\"og:type\" content=\"article\" \/>\n<meta property=\"og:title\" content=\"Kibicuj, ale... &#8226; Akademia Pi\u0142karska KS Goc\u0142aw Warszawa\" \/>\n<meta property=\"og:description\" content=\"Je\u015bli jeste\u015b rodzicem, kt\u00f3ry podczas meczu krzyczy na swoje dziecko, daje wskaz\u00f3wki wszystkim zawodnikom na boisku, poprawia s\u0119dziegoi skacze przy linii bocznej, jakby by\u0142 to fina\u0142 Mistrzostw \u015awiata w pi\u0142ce no\u017cnej to jest to artyku\u0142 dla Ciebie. Rodzicu pami\u0119taj, \u017ce nie jeste\u015b mened\u017cerem Chelsea Londyn czy FC Barcelony, a Twoja pociecha nie jest profesjonalnym pi\u0142karzem.&hellip; Dowiedz si\u0119 wi\u0119cej\" \/>\n<meta property=\"og:url\" content=\"https:\/\/ksgoclaw.pl\/index.php\/kibicuj-ale\/\" \/>\n<meta property=\"og:site_name\" content=\"Akademia Pi\u0142karska KS Goc\u0142aw Warszawa\" \/>\n<meta property=\"article:publisher\" content=\"https:\/\/www.facebook.com\/ksgoclaw\" \/>\n<meta property=\"article:modified_time\" content=\"2023-08-30T09:55:22+00:00\" \/>\n<meta property=\"og:image\" content=\"https:\/\/ksgoclaw.pl\/wp-content\/uploads\/2023\/08\/Roczniki.png\" \/>\n\t<meta property=\"og:image:width\" content=\"1080\" \/>\n\t<meta property=\"og:image:height\" content=\"1080\" \/>\n\t<meta property=\"og:image:type\" content=\"image\/png\" \/>\n<meta name=\"twitter:card\" content=\"summary_large_image\" \/>\n<meta name=\"twitter:label1\" content=\"Szacowany czas czytania\" \/>\n\t<meta name=\"twitter:data1\" content=\"6 minut\" \/>\n<script type=\"application\/ld+json\" class=\"yoast-schema-graph\">{\"@context\":\"https:\/\/schema.org\",\"@graph\":[{\"@type\":\"WebPage\",\"@id\":\"https:\/\/ksgoclaw.pl\/index.php\/kibicuj-ale\/\",\"url\":\"https:\/\/ksgoclaw.pl\/index.php\/kibicuj-ale\/\",\"name\":\"Kibicuj, ale... &#8226; Akademia Pi\u0142karska KS Goc\u0142aw Warszawa\",\"isPartOf\":{\"@id\":\"https:\/\/ksgoclaw.pl\/#website\"},\"primaryImageOfPage\":{\"@id\":\"https:\/\/ksgoclaw.pl\/index.php\/kibicuj-ale\/#primaryimage\"},\"image\":{\"@id\":\"https:\/\/ksgoclaw.pl\/index.php\/kibicuj-ale\/#primaryimage\"},\"thumbnailUrl\":\"https:\/\/ksgoclaw.pl\/wp-content\/uploads\/2023\/08\/Roczniki.png\",\"datePublished\":\"2023-08-30T09:54:21+00:00\",\"dateModified\":\"2023-08-30T09:55:22+00:00\",\"breadcrumb\":{\"@id\":\"https:\/\/ksgoclaw.pl\/index.php\/kibicuj-ale\/#breadcrumb\"},\"inLanguage\":\"pl-PL\",\"potentialAction\":[{\"@type\":\"ReadAction\",\"target\":[\"https:\/\/ksgoclaw.pl\/index.php\/kibicuj-ale\/\"]}]},{\"@type\":\"ImageObject\",\"inLanguage\":\"pl-PL\",\"@id\":\"https:\/\/ksgoclaw.pl\/index.php\/kibicuj-ale\/#primaryimage\",\"url\":\"https:\/\/ksgoclaw.pl\/wp-content\/uploads\/2023\/08\/Roczniki.png\",\"contentUrl\":\"https:\/\/ksgoclaw.pl\/wp-content\/uploads\/2023\/08\/Roczniki.png\",\"width\":1080,\"height\":1080},{\"@type\":\"BreadcrumbList\",\"@id\":\"https:\/\/ksgoclaw.pl\/index.php\/kibicuj-ale\/#breadcrumb\",\"itemListElement\":[{\"@type\":\"ListItem\",\"position\":1,\"name\":\"Strona g\u0142\u00f3wna\",\"item\":\"https:\/\/ksgoclaw.pl\/\"},{\"@type\":\"ListItem\",\"position\":2,\"name\":\"Kibicuj, ale&#8230;\"}]},{\"@type\":\"WebSite\",\"@id\":\"https:\/\/ksgoclaw.pl\/#website\",\"url\":\"https:\/\/ksgoclaw.pl\/\",\"name\":\"Akademia Pi\u0142karska KS Goc\u0142aw Warszawa\",\"description\":\"KS Goc\u0142aw gra, trenuje, ma\u0142ych mistrz\u00f3w wychowuje\",\"publisher\":{\"@id\":\"https:\/\/ksgoclaw.pl\/#organization\"},\"potentialAction\":[{\"@type\":\"SearchAction\",\"target\":{\"@type\":\"EntryPoint\",\"urlTemplate\":\"https:\/\/ksgoclaw.pl\/?s={search_term_string}\"},\"query-input\":{\"@type\":\"PropertyValueSpecification\",\"valueRequired\":true,\"valueName\":\"search_term_string\"}}],\"inLanguage\":\"pl-PL\"},{\"@type\":\"Organization\",\"@id\":\"https:\/\/ksgoclaw.pl\/#organization\",\"name\":\"Akademia Pi\u0142karska Klub Sportowy Goc\u0142aw Warszawa 2016\",\"url\":\"https:\/\/ksgoclaw.pl\/\",\"logo\":{\"@type\":\"ImageObject\",\"inLanguage\":\"pl-PL\",\"@id\":\"https:\/\/ksgoclaw.pl\/#\/schema\/logo\/image\/\",\"url\":\"https:\/\/ksgoclaw.pl\/wp-content\/uploads\/2023\/08\/herb-ks-goclaw-png-duzy.png\",\"contentUrl\":\"https:\/\/ksgoclaw.pl\/wp-content\/uploads\/2023\/08\/herb-ks-goclaw-png-duzy.png\",\"width\":2843,\"height\":3653,\"caption\":\"Akademia Pi\u0142karska Klub Sportowy Goc\u0142aw Warszawa 2016\"},\"image\":{\"@id\":\"https:\/\/ksgoclaw.pl\/#\/schema\/logo\/image\/\"},\"sameAs\":[\"https:\/\/www.facebook.com\/ksgoclaw\"]}]}<\/script>\n<!-- \/ Yoast SEO plugin. -->","yoast_head_json":{"title":"Kibicuj, ale... &#8226; Akademia Pi\u0142karska KS Goc\u0142aw Warszawa","robots":{"index":"index","follow":"follow","max-snippet":"max-snippet:-1","max-image-preview":"max-image-preview:large","max-video-preview":"max-video-preview:-1"},"canonical":"https:\/\/ksgoclaw.pl\/index.php\/kibicuj-ale\/","og_locale":"pl_PL","og_type":"article","og_title":"Kibicuj, ale... &#8226; Akademia Pi\u0142karska KS Goc\u0142aw Warszawa","og_description":"Je\u015bli jeste\u015b rodzicem, kt\u00f3ry podczas meczu krzyczy na swoje dziecko, daje wskaz\u00f3wki wszystkim zawodnikom na boisku, poprawia s\u0119dziegoi skacze przy linii bocznej, jakby by\u0142 to fina\u0142 Mistrzostw \u015awiata w pi\u0142ce no\u017cnej to jest to artyku\u0142 dla Ciebie. Rodzicu pami\u0119taj, \u017ce nie jeste\u015b mened\u017cerem Chelsea Londyn czy FC Barcelony, a Twoja pociecha nie jest profesjonalnym pi\u0142karzem.&hellip; Dowiedz si\u0119 wi\u0119cej","og_url":"https:\/\/ksgoclaw.pl\/index.php\/kibicuj-ale\/","og_site_name":"Akademia Pi\u0142karska KS Goc\u0142aw Warszawa","article_publisher":"https:\/\/www.facebook.com\/ksgoclaw","article_modified_time":"2023-08-30T09:55:22+00:00","og_image":[{"width":1080,"height":1080,"url":"https:\/\/ksgoclaw.pl\/wp-content\/uploads\/2023\/08\/Roczniki.png","type":"image\/png"}],"twitter_card":"summary_large_image","twitter_misc":{"Szacowany czas czytania":"6 minut"},"schema":{"@context":"https:\/\/schema.org","@graph":[{"@type":"WebPage","@id":"https:\/\/ksgoclaw.pl\/index.php\/kibicuj-ale\/","url":"https:\/\/ksgoclaw.pl\/index.php\/kibicuj-ale\/","name":"Kibicuj, ale... &#8226; Akademia Pi\u0142karska KS Goc\u0142aw Warszawa","isPartOf":{"@id":"https:\/\/ksgoclaw.pl\/#website"},"primaryImageOfPage":{"@id":"https:\/\/ksgoclaw.pl\/index.php\/kibicuj-ale\/#primaryimage"},"image":{"@id":"https:\/\/ksgoclaw.pl\/index.php\/kibicuj-ale\/#primaryimage"},"thumbnailUrl":"https:\/\/ksgoclaw.pl\/wp-content\/uploads\/2023\/08\/Roczniki.png","datePublished":"2023-08-30T09:54:21+00:00","dateModified":"2023-08-30T09:55:22+00:00","breadcrumb":{"@id":"https:\/\/ksgoclaw.pl\/index.php\/kibicuj-ale\/#breadcrumb"},"inLanguage":"pl-PL","potentialAction":[{"@type":"ReadAction","target":["https:\/\/ksgoclaw.pl\/index.php\/kibicuj-ale\/"]}]},{"@type":"ImageObject","inLanguage":"pl-PL","@id":"https:\/\/ksgoclaw.pl\/index.php\/kibicuj-ale\/#primaryimage","url":"https:\/\/ksgoclaw.pl\/wp-content\/uploads\/2023\/08\/Roczniki.png","contentUrl":"https:\/\/ksgoclaw.pl\/wp-content\/uploads\/2023\/08\/Roczniki.png","width":1080,"height":1080},{"@type":"BreadcrumbList","@id":"https:\/\/ksgoclaw.pl\/index.php\/kibicuj-ale\/#breadcrumb","itemListElement":[{"@type":"ListItem","position":1,"name":"Strona g\u0142\u00f3wna","item":"https:\/\/ksgoclaw.pl\/"},{"@type":"ListItem","position":2,"name":"Kibicuj, ale&#8230;"}]},{"@type":"WebSite","@id":"https:\/\/ksgoclaw.pl\/#website","url":"https:\/\/ksgoclaw.pl\/","name":"Akademia Pi\u0142karska KS Goc\u0142aw Warszawa","description":"KS Goc\u0142aw gra, trenuje, ma\u0142ych mistrz\u00f3w wychowuje","publisher":{"@id":"https:\/\/ksgoclaw.pl\/#organization"},"potentialAction":[{"@type":"SearchAction","target":{"@type":"EntryPoint","urlTemplate":"https:\/\/ksgoclaw.pl\/?s={search_term_string}"},"query-input":{"@type":"PropertyValueSpecification","valueRequired":true,"valueName":"search_term_string"}}],"inLanguage":"pl-PL"},{"@type":"Organization","@id":"https:\/\/ksgoclaw.pl\/#organization","name":"Akademia Pi\u0142karska Klub Sportowy Goc\u0142aw Warszawa 2016","url":"https:\/\/ksgoclaw.pl\/","logo":{"@type":"ImageObject","inLanguage":"pl-PL","@id":"https:\/\/ksgoclaw.pl\/#\/schema\/logo\/image\/","url":"https:\/\/ksgoclaw.pl\/wp-content\/uploads\/2023\/08\/herb-ks-goclaw-png-duzy.png","contentUrl":"https:\/\/ksgoclaw.pl\/wp-content\/uploads\/2023\/08\/herb-ks-goclaw-png-duzy.png","width":2843,"height":3653,"caption":"Akademia Pi\u0142karska Klub Sportowy Goc\u0142aw Warszawa 2016"},"image":{"@id":"https:\/\/ksgoclaw.pl\/#\/schema\/logo\/image\/"},"sameAs":["https:\/\/www.facebook.com\/ksgoclaw"]}]}},"_links":{"self":[{"href":"https:\/\/ksgoclaw.pl\/index.php\/wp-json\/wp\/v2\/pages\/502","targetHints":{"allow":["GET"]}}],"collection":[{"href":"https:\/\/ksgoclaw.pl\/index.php\/wp-json\/wp\/v2\/pages"}],"about":[{"href":"https:\/\/ksgoclaw.pl\/index.php\/wp-json\/wp\/v2\/types\/page"}],"author":[{"embeddable":true,"href":"https:\/\/ksgoclaw.pl\/index.php\/wp-json\/wp\/v2\/users\/1"}],"replies":[{"embeddable":true,"href":"https:\/\/ksgoclaw.pl\/index.php\/wp-json\/wp\/v2\/comments?post=502"}],"version-history":[{"count":2,"href":"https:\/\/ksgoclaw.pl\/index.php\/wp-json\/wp\/v2\/pages\/502\/revisions"}],"predecessor-version":[{"id":506,"href":"https:\/\/ksgoclaw.pl\/index.php\/wp-json\/wp\/v2\/pages\/502\/revisions\/506"}],"wp:featuredmedia":[{"embeddable":true,"href":"https:\/\/ksgoclaw.pl\/index.php\/wp-json\/wp\/v2\/media\/189"}],"wp:attachment":[{"href":"https:\/\/ksgoclaw.pl\/index.php\/wp-json\/wp\/v2\/media?parent=502"}],"curies":[{"name":"wp","href":"https:\/\/api.w.org\/{rel}","templated":true}]}}