{"id":295,"date":"2023-08-22T14:06:25","date_gmt":"2023-08-22T12:06:25","guid":{"rendered":"https:\/\/ksgoclaw.pl\/?page_id=295"},"modified":"2025-08-08T12:41:17","modified_gmt":"2025-08-08T10:41:17","slug":"stroj-klubowy","status":"publish","type":"page","link":"https:\/\/ksgoclaw.pl\/index.php\/stroj-klubowy\/","title":{"rendered":"Str\u00f3j klubowy"},"content":{"rendered":"\n<p class=\"has-black-color has-text-color\"><strong>STR\u00d3J<\/strong> <strong>KS GOC\u0141AW<\/strong> &#8211; dost\u0119pny do zam\u00f3wienia od 15 wrze\u015bnia 2025 roku.<br>Str\u00f3j zam\u00f3wi\u0107 mo\u017cna tutaj: <strong><a href=\"https:\/\/forms.gle\/kDHdkps3CFNy5oXh6\" target=\"_blank\" rel=\"noreferrer noopener\">KLIKNIJ<\/a><\/strong><br>Ka\u017cdy zawodnik KS Goc\u0142aw Warszawa ma <strong>obowi\u0105zek<\/strong> naby\u0107 str\u00f3j klubowy najp\u00f3\u017aniej w ci\u0105gu 30 dni od zapisu na treningi.<br><br>Wybranym przez klub modelem jest:<br><em>koszulka Jako czerwona, spodenki Jako czerwone oraz czerwone getry Jako<\/em>.<br>Koszt stroju to 189 z\u0142.<br><em>Jak zakupi\u0107 str\u00f3j? Informacja poni\u017cej.<\/em><\/p>\n\n\n\n<figure class=\"wp-block-image size-large\"><img loading=\"lazy\" decoding=\"async\" width=\"1024\" height=\"531\" src=\"https:\/\/ksgoclaw.pl\/wp-content\/uploads\/2024\/10\/Klub-Sportowy-Goclaw-4-1-1024x531.png\" alt=\"\" class=\"wp-image-763\" srcset=\"https:\/\/ksgoclaw.pl\/wp-content\/uploads\/2024\/10\/Klub-Sportowy-Goclaw-4-1-1024x531.png 1024w, https:\/\/ksgoclaw.pl\/wp-content\/uploads\/2024\/10\/Klub-Sportowy-Goclaw-4-1-300x156.png 300w, https:\/\/ksgoclaw.pl\/wp-content\/uploads\/2024\/10\/Klub-Sportowy-Goclaw-4-1-768x399.png 768w, https:\/\/ksgoclaw.pl\/wp-content\/uploads\/2024\/10\/Klub-Sportowy-Goclaw-4-1-1536x797.png 1536w, https:\/\/ksgoclaw.pl\/wp-content\/uploads\/2024\/10\/Klub-Sportowy-Goclaw-4-1-2048x1063.png 2048w, https:\/\/ksgoclaw.pl\/wp-content\/uploads\/2024\/10\/Klub-Sportowy-Goclaw-4-1-1920x996.png 1920w\" sizes=\"auto, (max-width: 1024px) 100vw, 1024px\" \/><\/figure>\n\n\n\n<p class=\"has-black-color has-text-color\"><strong>DRES KS GOC\u0141AW<\/strong> &#8211; dost\u0119pny do zam\u00f3wienia od 15 wrze\u015bnia 2025 roku.<br>Ka\u017cdy zawodnik KS Goc\u0142aw Warszawa <strong>mo\u017ce<\/strong> r\u00f3wnie\u017c naby\u0107 dres klubowy.<br>Dres zam\u00f3wi\u0107 mo\u017cna tutaj: <strong><a href=\"https:\/\/forms.gle\/kDHdkps3CFNy5oXh6\" target=\"_blank\" rel=\"noreferrer noopener\">KLIKNIJ<\/a><\/strong><br>Wybranym przez klub modelem jest:<br><em>bluza treningowa do pi\u0142ki no\u017cnej dla dzieci Jako kolor czarny oraz spodnie do pi\u0142ki no\u017cnej dla dzieci Jako kolor <\/em>czarny\/<br>Dres jest dost\u0119pny tylko w komplecie.<br>Koszt dresu to 259 z\u0142.<br><em>Jak zakupi\u0107 dres? Informacja poni\u017cej.<\/em><br><\/p>\n\n\n\n<figure class=\"wp-block-image size-large\"><img loading=\"lazy\" decoding=\"async\" width=\"1024\" height=\"512\" src=\"https:\/\/ksgoclaw.pl\/wp-content\/uploads\/2024\/10\/Klub-Sportowy-Goclaw-1-1-1-1024x512.png\" alt=\"\" class=\"wp-image-764\" srcset=\"https:\/\/ksgoclaw.pl\/wp-content\/uploads\/2024\/10\/Klub-Sportowy-Goclaw-1-1-1-1024x512.png 1024w, https:\/\/ksgoclaw.pl\/wp-content\/uploads\/2024\/10\/Klub-Sportowy-Goclaw-1-1-1-300x150.png 300w, https:\/\/ksgoclaw.pl\/wp-content\/uploads\/2024\/10\/Klub-Sportowy-Goclaw-1-1-1-768x384.png 768w, https:\/\/ksgoclaw.pl\/wp-content\/uploads\/2024\/10\/Klub-Sportowy-Goclaw-1-1-1-1536x768.png 1536w, https:\/\/ksgoclaw.pl\/wp-content\/uploads\/2024\/10\/Klub-Sportowy-Goclaw-1-1-1-2048x1024.png 2048w, https:\/\/ksgoclaw.pl\/wp-content\/uploads\/2024\/10\/Klub-Sportowy-Goclaw-1-1-1-1920x960.png 1920w\" sizes=\"auto, (max-width: 1024px) 100vw, 1024px\" \/><\/figure>\n\n\n\n<p class=\"has-black-color has-text-color\"><br><strong>Zakup STROJU\/DRESU KROK PO KROKU:<\/strong><br>1. Wype\u0142niacie formularz zam\u00f3wienia stroju\/dresu <a href=\"https:\/\/forms.gle\/kDHdkps3CFNy5oXh6\" target=\"_blank\" rel=\"noreferrer noopener\"><strong>KLIKNIJ<\/strong><\/a><br>2. Op\u0142acacie zam\u00f3wienie na ten sam numer konta co sk\u0142adka w tytule wpisuj\u0105c: Imi\u0119 i Nazwisko Zawodnika, Rocznik, Str\u00f3j\/Dres<br>3. Stroje b\u0119d\u0105 do odbioru na treningach w ci\u0105gu 25 dni od dnia op\u0142acenia zam\u00f3wienia.<\/p>\n","protected":false},"excerpt":{"rendered":"<p>STR\u00d3J KS GOC\u0141AW &#8211; dost\u0119pny do zam\u00f3wienia od 15 wrze\u015bnia 2025 roku.Str\u00f3j zam\u00f3wi\u0107 mo\u017cna tutaj: KLIKNIJKa\u017cdy zawodnik KS Goc\u0142aw Warszawa ma obowi\u0105zek naby\u0107 str\u00f3j klubowy najp\u00f3\u017aniej w ci\u0105gu 30 dni od zapisu na treningi. Wybranym przez klub modelem jest:koszulka Jako czerwona, spodenki Jako czerwone oraz czerwone getry Jako.Koszt stroju to 189 z\u0142.Jak zakupi\u0107 str\u00f3j? Informacja&hellip; <br \/> <a class=\"read-more\" href=\"https:\/\/ksgoclaw.pl\/index.php\/stroj-klubowy\/\">Dowiedz si\u0119 wi\u0119cej<\/a><\/p>\n","protected":false},"author":1,"featured_media":189,"parent":0,"menu_order":0,"comment_status":"closed","ping_status":"closed","template":"","meta":{"footnotes":""},"class_list":["post-295","page","type-page","status-publish","has-post-thumbnail","hentry"],"yoast_head":"<!-- This site is optimized with the Yoast SEO plugin v25.8 - https:\/\/yoast.com\/wordpress\/plugins\/seo\/ -->\n<title>Str\u00f3j klubowy &#8226; Akademia Pi\u0142karska KS Goc\u0142aw Warszawa<\/title>\n<meta name=\"robots\" content=\"index, follow, max-snippet:-1, max-image-preview:large, max-video-preview:-1\" \/>\n<link rel=\"canonical\" href=\"https:\/\/ksgoclaw.pl\/index.php\/stroj-klubowy\/\" \/>\n<meta property=\"og:locale\" content=\"pl_PL\" \/>\n<meta property=\"og:type\" content=\"article\" \/>\n<meta property=\"og:title\" content=\"Str\u00f3j klubowy &#8226; Akademia Pi\u0142karska KS Goc\u0142aw Warszawa\" \/>\n<meta property=\"og:description\" content=\"STR\u00d3J KS GOC\u0141AW &#8211; dost\u0119pny do zam\u00f3wienia od 15 wrze\u015bnia 2025 roku.Str\u00f3j zam\u00f3wi\u0107 mo\u017cna tutaj: KLIKNIJKa\u017cdy zawodnik KS Goc\u0142aw Warszawa ma obowi\u0105zek naby\u0107 str\u00f3j klubowy najp\u00f3\u017aniej w ci\u0105gu 30 dni od zapisu na treningi. Wybranym przez klub modelem jest:koszulka Jako czerwona, spodenki Jako czerwone oraz czerwone getry Jako.Koszt stroju to 189 z\u0142.Jak zakupi\u0107 str\u00f3j? Informacja&hellip; Dowiedz si\u0119 wi\u0119cej\" \/>\n<meta property=\"og:url\" content=\"https:\/\/ksgoclaw.pl\/index.php\/stroj-klubowy\/\" \/>\n<meta property=\"og:site_name\" content=\"Akademia Pi\u0142karska KS Goc\u0142aw Warszawa\" \/>\n<meta property=\"article:publisher\" content=\"https:\/\/www.facebook.com\/ksgoclaw\" \/>\n<meta property=\"article:modified_time\" content=\"2025-08-08T10:41:17+00:00\" \/>\n<meta property=\"og:image\" content=\"https:\/\/ksgoclaw.pl\/wp-content\/uploads\/2023\/08\/Roczniki.png\" \/>\n\t<meta property=\"og:image:width\" content=\"1080\" \/>\n\t<meta property=\"og:image:height\" content=\"1080\" \/>\n\t<meta property=\"og:image:type\" content=\"image\/png\" \/>\n<meta name=\"twitter:card\" content=\"summary_large_image\" \/>\n<meta name=\"twitter:label1\" content=\"Szacowany czas czytania\" \/>\n\t<meta name=\"twitter:data1\" content=\"2 minuty\" \/>\n<script type=\"application\/ld+json\" class=\"yoast-schema-graph\">{\"@context\":\"https:\/\/schema.org\",\"@graph\":[{\"@type\":\"WebPage\",\"@id\":\"https:\/\/ksgoclaw.pl\/index.php\/stroj-klubowy\/\",\"url\":\"https:\/\/ksgoclaw.pl\/index.php\/stroj-klubowy\/\",\"name\":\"Str\u00f3j klubowy &#8226; Akademia Pi\u0142karska KS Goc\u0142aw Warszawa\",\"isPartOf\":{\"@id\":\"https:\/\/ksgoclaw.pl\/#website\"},\"primaryImageOfPage\":{\"@id\":\"https:\/\/ksgoclaw.pl\/index.php\/stroj-klubowy\/#primaryimage\"},\"image\":{\"@id\":\"https:\/\/ksgoclaw.pl\/index.php\/stroj-klubowy\/#primaryimage\"},\"thumbnailUrl\":\"https:\/\/ksgoclaw.pl\/wp-content\/uploads\/2023\/08\/Roczniki.png\",\"datePublished\":\"2023-08-22T12:06:25+00:00\",\"dateModified\":\"2025-08-08T10:41:17+00:00\",\"breadcrumb\":{\"@id\":\"https:\/\/ksgoclaw.pl\/index.php\/stroj-klubowy\/#breadcrumb\"},\"inLanguage\":\"pl-PL\",\"potentialAction\":[{\"@type\":\"ReadAction\",\"target\":[\"https:\/\/ksgoclaw.pl\/index.php\/stroj-klubowy\/\"]}]},{\"@type\":\"ImageObject\",\"inLanguage\":\"pl-PL\",\"@id\":\"https:\/\/ksgoclaw.pl\/index.php\/stroj-klubowy\/#primaryimage\",\"url\":\"https:\/\/ksgoclaw.pl\/wp-content\/uploads\/2023\/08\/Roczniki.png\",\"contentUrl\":\"https:\/\/ksgoclaw.pl\/wp-content\/uploads\/2023\/08\/Roczniki.png\",\"width\":1080,\"height\":1080},{\"@type\":\"BreadcrumbList\",\"@id\":\"https:\/\/ksgoclaw.pl\/index.php\/stroj-klubowy\/#breadcrumb\",\"itemListElement\":[{\"@type\":\"ListItem\",\"position\":1,\"name\":\"Strona g\u0142\u00f3wna\",\"item\":\"https:\/\/ksgoclaw.pl\/\"},{\"@type\":\"ListItem\",\"position\":2,\"name\":\"Str\u00f3j klubowy\"}]},{\"@type\":\"WebSite\",\"@id\":\"https:\/\/ksgoclaw.pl\/#website\",\"url\":\"https:\/\/ksgoclaw.pl\/\",\"name\":\"Akademia Pi\u0142karska KS Goc\u0142aw Warszawa\",\"description\":\"KS Goc\u0142aw gra, trenuje, ma\u0142ych mistrz\u00f3w wychowuje\",\"publisher\":{\"@id\":\"https:\/\/ksgoclaw.pl\/#organization\"},\"potentialAction\":[{\"@type\":\"SearchAction\",\"target\":{\"@type\":\"EntryPoint\",\"urlTemplate\":\"https:\/\/ksgoclaw.pl\/?s={search_term_string}\"},\"query-input\":{\"@type\":\"PropertyValueSpecification\",\"valueRequired\":true,\"valueName\":\"search_term_string\"}}],\"inLanguage\":\"pl-PL\"},{\"@type\":\"Organization\",\"@id\":\"https:\/\/ksgoclaw.pl\/#organization\",\"name\":\"Akademia Pi\u0142karska Klub Sportowy Goc\u0142aw Warszawa 2016\",\"url\":\"https:\/\/ksgoclaw.pl\/\",\"logo\":{\"@type\":\"ImageObject\",\"inLanguage\":\"pl-PL\",\"@id\":\"https:\/\/ksgoclaw.pl\/#\/schema\/logo\/image\/\",\"url\":\"https:\/\/ksgoclaw.pl\/wp-content\/uploads\/2023\/08\/herb-ks-goclaw-png-duzy.png\",\"contentUrl\":\"https:\/\/ksgoclaw.pl\/wp-content\/uploads\/2023\/08\/herb-ks-goclaw-png-duzy.png\",\"width\":2843,\"height\":3653,\"caption\":\"Akademia Pi\u0142karska Klub Sportowy Goc\u0142aw Warszawa 2016\"},\"image\":{\"@id\":\"https:\/\/ksgoclaw.pl\/#\/schema\/logo\/image\/\"},\"sameAs\":[\"https:\/\/www.facebook.com\/ksgoclaw\"]}]}<\/script>\n<!-- \/ Yoast SEO plugin. -->","yoast_head_json":{"title":"Str\u00f3j klubowy &#8226; Akademia Pi\u0142karska KS Goc\u0142aw Warszawa","robots":{"index":"index","follow":"follow","max-snippet":"max-snippet:-1","max-image-preview":"max-image-preview:large","max-video-preview":"max-video-preview:-1"},"canonical":"https:\/\/ksgoclaw.pl\/index.php\/stroj-klubowy\/","og_locale":"pl_PL","og_type":"article","og_title":"Str\u00f3j klubowy &#8226; Akademia Pi\u0142karska KS Goc\u0142aw Warszawa","og_description":"STR\u00d3J KS GOC\u0141AW &#8211; dost\u0119pny do zam\u00f3wienia od 15 wrze\u015bnia 2025 roku.Str\u00f3j zam\u00f3wi\u0107 mo\u017cna tutaj: KLIKNIJKa\u017cdy zawodnik KS Goc\u0142aw Warszawa ma obowi\u0105zek naby\u0107 str\u00f3j klubowy najp\u00f3\u017aniej w ci\u0105gu 30 dni od zapisu na treningi. Wybranym przez klub modelem jest:koszulka Jako czerwona, spodenki Jako czerwone oraz czerwone getry Jako.Koszt stroju to 189 z\u0142.Jak zakupi\u0107 str\u00f3j? Informacja&hellip; Dowiedz si\u0119 wi\u0119cej","og_url":"https:\/\/ksgoclaw.pl\/index.php\/stroj-klubowy\/","og_site_name":"Akademia Pi\u0142karska KS Goc\u0142aw Warszawa","article_publisher":"https:\/\/www.facebook.com\/ksgoclaw","article_modified_time":"2025-08-08T10:41:17+00:00","og_image":[{"width":1080,"height":1080,"url":"https:\/\/ksgoclaw.pl\/wp-content\/uploads\/2023\/08\/Roczniki.png","type":"image\/png"}],"twitter_card":"summary_large_image","twitter_misc":{"Szacowany czas czytania":"2 minuty"},"schema":{"@context":"https:\/\/schema.org","@graph":[{"@type":"WebPage","@id":"https:\/\/ksgoclaw.pl\/index.php\/stroj-klubowy\/","url":"https:\/\/ksgoclaw.pl\/index.php\/stroj-klubowy\/","name":"Str\u00f3j klubowy &#8226; Akademia Pi\u0142karska KS Goc\u0142aw Warszawa","isPartOf":{"@id":"https:\/\/ksgoclaw.pl\/#website"},"primaryImageOfPage":{"@id":"https:\/\/ksgoclaw.pl\/index.php\/stroj-klubowy\/#primaryimage"},"image":{"@id":"https:\/\/ksgoclaw.pl\/index.php\/stroj-klubowy\/#primaryimage"},"thumbnailUrl":"https:\/\/ksgoclaw.pl\/wp-content\/uploads\/2023\/08\/Roczniki.png","datePublished":"2023-08-22T12:06:25+00:00","dateModified":"2025-08-08T10:41:17+00:00","breadcrumb":{"@id":"https:\/\/ksgoclaw.pl\/index.php\/stroj-klubowy\/#breadcrumb"},"inLanguage":"pl-PL","potentialAction":[{"@type":"ReadAction","target":["https:\/\/ksgoclaw.pl\/index.php\/stroj-klubowy\/"]}]},{"@type":"ImageObject","inLanguage":"pl-PL","@id":"https:\/\/ksgoclaw.pl\/index.php\/stroj-klubowy\/#primaryimage","url":"https:\/\/ksgoclaw.pl\/wp-content\/uploads\/2023\/08\/Roczniki.png","contentUrl":"https:\/\/ksgoclaw.pl\/wp-content\/uploads\/2023\/08\/Roczniki.png","width":1080,"height":1080},{"@type":"BreadcrumbList","@id":"https:\/\/ksgoclaw.pl\/index.php\/stroj-klubowy\/#breadcrumb","itemListElement":[{"@type":"ListItem","position":1,"name":"Strona g\u0142\u00f3wna","item":"https:\/\/ksgoclaw.pl\/"},{"@type":"ListItem","position":2,"name":"Str\u00f3j klubowy"}]},{"@type":"WebSite","@id":"https:\/\/ksgoclaw.pl\/#website","url":"https:\/\/ksgoclaw.pl\/","name":"Akademia Pi\u0142karska KS Goc\u0142aw Warszawa","description":"KS Goc\u0142aw gra, trenuje, ma\u0142ych mistrz\u00f3w wychowuje","publisher":{"@id":"https:\/\/ksgoclaw.pl\/#organization"},"potentialAction":[{"@type":"SearchAction","target":{"@type":"EntryPoint","urlTemplate":"https:\/\/ksgoclaw.pl\/?s={search_term_string}"},"query-input":{"@type":"PropertyValueSpecification","valueRequired":true,"valueName":"search_term_string"}}],"inLanguage":"pl-PL"},{"@type":"Organization","@id":"https:\/\/ksgoclaw.pl\/#organization","name":"Akademia Pi\u0142karska Klub Sportowy Goc\u0142aw Warszawa 2016","url":"https:\/\/ksgoclaw.pl\/","logo":{"@type":"ImageObject","inLanguage":"pl-PL","@id":"https:\/\/ksgoclaw.pl\/#\/schema\/logo\/image\/","url":"https:\/\/ksgoclaw.pl\/wp-content\/uploads\/2023\/08\/herb-ks-goclaw-png-duzy.png","contentUrl":"https:\/\/ksgoclaw.pl\/wp-content\/uploads\/2023\/08\/herb-ks-goclaw-png-duzy.png","width":2843,"height":3653,"caption":"Akademia Pi\u0142karska Klub Sportowy Goc\u0142aw Warszawa 2016"},"image":{"@id":"https:\/\/ksgoclaw.pl\/#\/schema\/logo\/image\/"},"sameAs":["https:\/\/www.facebook.com\/ksgoclaw"]}]}},"_links":{"self":[{"href":"https:\/\/ksgoclaw.pl\/index.php\/wp-json\/wp\/v2\/pages\/295","targetHints":{"allow":["GET"]}}],"collection":[{"href":"https:\/\/ksgoclaw.pl\/index.php\/wp-json\/wp\/v2\/pages"}],"about":[{"href":"https:\/\/ksgoclaw.pl\/index.php\/wp-json\/wp\/v2\/types\/page"}],"author":[{"embeddable":true,"href":"https:\/\/ksgoclaw.pl\/index.php\/wp-json\/wp\/v2\/users\/1"}],"replies":[{"embeddable":true,"href":"https:\/\/ksgoclaw.pl\/index.php\/wp-json\/wp\/v2\/comments?post=295"}],"version-history":[{"count":20,"href":"https:\/\/ksgoclaw.pl\/index.php\/wp-json\/wp\/v2\/pages\/295\/revisions"}],"predecessor-version":[{"id":1036,"href":"https:\/\/ksgoclaw.pl\/index.php\/wp-json\/wp\/v2\/pages\/295\/revisions\/1036"}],"wp:featuredmedia":[{"embeddable":true,"href":"https:\/\/ksgoclaw.pl\/index.php\/wp-json\/wp\/v2\/media\/189"}],"wp:attachment":[{"href":"https:\/\/ksgoclaw.pl\/index.php\/wp-json\/wp\/v2\/media?parent=295"}],"curies":[{"name":"wp","href":"https:\/\/api.w.org\/{rel}","templated":true}]}}